 digit of i?
1
Suppose 8 = f - 3. What is the units digit of f?
1
Suppose -2*c + 24 = -14*c. Let r(s) = -23*s**2 + s. Let g be r(-1). What is the units digit of 4/3*g/c?
6
Let v(u) = u**3 - 5*u**2 + 7*u + 1. What is the tens digit of v(5)?
3
Suppose -5 + 15 = 4*a + 2*x, -4*x = -4. Suppose y = a + 14. What is the units digit of y?
6
Let q(d) = 2 - 2 - 5*d + 6. Let w be q(-5). Let r = w + -20. What is the tens digit of r?
1
Suppose 2*p - 2*t - 7 = -3*t, 19 = 5*p + t. Let l = 5 - p. What is the units digit of l?
1
Let k(a) = -a**3 + 2*a**2 + 2*a - 2. Let h be k(2). Suppose c = h*c. Let i(q) = -q**3 + q**2 + q + 4. What is the units digit of i(c)?
4
Let k = -64 + 127. Let z = k + -44. What is the units digit of z?
9
Suppose 0 = -4*f - w - 7, f - 4*w + 6 = 0. What is the units digit of ((-4)/f)/(8/136)?
4
Suppose -2*h = -27 - 59. What is the tens digit of h?
4
Let x(n) = n + 5. Let y be x(-5). Suppose 6 = 3*l - y*l. What is the units digit of ((0 - 1) + 2)*l?
2
Suppose 0*b - 4*q + 104 = 4*b, -2*b = -q - 58. What is the units digit of b?
8
Let r be (-10)/(-3)*(-9)/(-3). Suppose -4*q + q + 11 = 4*l, 0 = -l - 5*q - r. Suppose 2*f = l*i - 4*i - 19, -56 = -4*i - 2*f. What is the tens digit of i?
1
Let y be 2/(-4)*16/8. Let d = 3 + y. What is the units digit of d?
2
What is the tens digit of 5556/27 - ((-34)/(-9) + -4)?
0
Suppose 0 = -w + g + 114 + 37, -4*g = 3*w - 446. What is the hundreds digit of w?
1
Suppose -87 - 9 = -3*t. Let q = t - 21. What is the units digit of q?
1
Suppose 0 = 3*y + u - 7, 0*u + 2*u = 2*y - 2. Suppose 16 = 6*i - y*i. What is the units digit of i?
4
Let x = 20 + -31. Let v = 16 + x. What is the units digit of v?
5
Let u(r) = 3*r - 12. What is the units digit of u(6)?
6
Suppose -50 = 6*f - f. Let s = f + 21. What is the tens digit of s?
1
Let t be (9 + -1)*3/(-6). Let w = 1 - t. What is the units digit of w?
5
Suppose 0 = -2*m, -4*p + 76 = -0*m + 2*m. What is the units digit of p?
9
What is the tens digit of 300 - (12/28 + (-62)/14)?
0
Let x = 30 + -15. Suppose -4*n + x = -5*b, 4*b = 4*n + 5*b - 45. What is the tens digit of n?
1
Let x(l) = 2*l**2 - l - 15. What is the units digit of x(7)?
6
Suppose -20 = -4*o, s = -s + 5*o + 585. What is the units digit of s?
5
Let d(n) be the second derivative of n**5/20 - n**4/3 - n**3/2 + n**2 - 2*n. Let y be d(5). What is the units digit of (6/5)/(y/40)?
4
Let l(n) = -5*n**3 + n**2 - 1. What is the units digit of l(-2)?
3
Suppose 5*b = 3*b + 4. Let g(u) = 8*u**2 - u + 1. What is the units digit of g(b)?
1
Let t = 3 - 3. Suppose 5*o - 4*o - 22 = t. What is the tens digit of o?
2
Let z(r) = 2*r**3 - 9*r**2 + 13. Let o(b) = 3*b**3 - 14*b**2 + 20. Let c(m) = 5*o(m) - 7*z(m). Let g be 7/(-3)*(-4 - -1). What is the units digit of c(g)?
9
Let z = 0 + 17. Let w = z - 8. What is the units digit of w?
9
Let q = 16 - -9. Let f = 82 - q. Suppose 0 = -n - 4*t + 28, 4*n + 2*t = -3*t + f. What is the units digit of n?
8
Let r be ((-28)/8)/(1/(-2)). Suppose 2*k + r = -n, 0 = -4*k - 12 - 0. Let m = 6 + n. What is the units digit of m?
5
Let f = 1 - 2. Let x be 5*f + (0 - -1). Let l = x - -7. What is the units digit of l?
3
Suppose -7*g = -9*g + 44. Let r = 34 - g. What is the tens digit of r?
1
Let s = -5 - -7. Suppose -s*b + 4*f = -4, -2*f - 19 = -5*b - f. Suppose b*v + v + 25 = 0, 0 = -2*p + 2*v + 20. What is the units digit of p?
5
What is the units digit of -2 + (-835)/(-5) - (-2 + -1)?
8
Suppose 2*m - 3 = m. Suppose 3*o - m*b = 66, -b + 6*b = 10. Suppose -4*a = -2*a - o. What is the units digit of a?
2
What is the units digit of (-4)/(-3 - 49/(-17))?
4
Let z(a) = a + 2. Let h be z(0). Suppose -h*k + 4 = -18. What is the tens digit of k?
1
Suppose q - 1 = 4*a, -4*q + 3*a = -3*q - 2. Suppose 3*z = -q*j - 42, -3*j + 5*z = -j - 8. What is the units digit of 2/6*(-90)/j?
5
Let i = 46 + 2. What is the units digit of i?
8
What is the tens digit of (5 + 5 + 183)/1?
9
Let t = -2 + 4. Suppose 0 = 4*w + 5*c - 44, 0 = -w - t*c + 13 + 1. What is the units digit of w?
6
Let q(i) = -i**2 + 11*i - 3. Suppose l + 4*a - 57 = 0, -l + 2*l - 71 = 3*a. Suppose 3*k - l = -5*d, 3*d - 2*k - k = 15. What is the units digit of q(d)?
7
Let n(i) = -i**3 - 10*i**2 + 7*i + 15. Let b be n(-11). Let l = b + -36. What is the units digit of l?
3
Let v = -25 + 48. What is the units digit of v?
3
Suppose 7*p + 14 = 9*p. What is the units digit of p?
7
Suppose 0 = -2*s + 2*h - 1 + 7, -4*h = -20. Let n(x) be the third derivative of x**4/24 + 2*x**3/3 - x**2. What is the tens digit of n(s)?
1
Suppose -4*h + 10 + 10 = 0. Let r(d) = 7*d + 4. Let n(b) = -6*b - 4. Let g(i) = -6*n(i) - 5*r(i). What is the units digit of g(h)?
9
Let w = 4 + 29. Suppose -5*q + a + 18 = -3, -2*a + w = 5*q. What is the units digit of q?
5
Let u(f) = -f - 1. Let h be u(-1). Suppose -2*p + h = -2. What is the units digit of p?
1
Let t be 2/4*(1 - 1). Suppose t*g - 6 = -g. Suppose -g*z = -2*z - 52. What is the units digit of z?
3
Let n be 212/20 + (-4)/(-10). Let a = -7 + n. What is the units digit of ((-52)/16)/((-1)/a)?
3
What is the hundreds digit of (1 + 1)*133 + -2?
2
Let f(x) = -x**3 - 5*x**2 - 2*x - 5. Let r be f(-5). Let k = -8 - -12. Let t = r - k. What is the units digit of t?
1
Let k = 296 - 140. Suppose 2*i + k = -4*c + 9*c, -5*c + 168 = 4*i. What is the units digit of c?
2
Let q(h) = -h**2 - h + 3. Let p be q(0). Let g = 5 + p. Suppose 2*l - g = l. What is the units digit of l?
8
Suppose 0 = 2*b - 4*i, -6*i + 32 = 3*b - 4*i. Let w = b + 0. What is the units digit of w?
8
Let m be 63/5 + (-2)/(-5). Suppose 0 = 2*y - 3 - m. What is the units digit of y?
8
Let a = 246 - -71. What is the tens digit of a?
1
Let j = 3 - 4. Let t = 3 + j. What is the units digit of 1/3*(t - -4)?
2
Let q(l) = -2*l + 31. Let y(g) = g - 12. Let o be y(12). What is the units digit of q(o)?
1
Let x(q) = 10 - 1 - 2 - q. Let t = 0 - 0. What is the units digit of x(t)?
7
Suppose 6 = 3*u - 2*m, -5*u = 3*m + 2*m - 10. Suppose 5*f = -w + f, -5*f + 6 = u*w. What is the units digit of w?
8
Suppose 5*z - 17 = 23. What is the units digit of z?
8
Let y(d) = -3*d**3 + 2*d - 13. Let l(j) = 4*j**3 - j**2 - 2*j + 14. Let r(o) = -4*l(o) - 5*y(o). What is the units digit of r(4)?
1
Let i be ((-2)/(-4))/((-2)/(-8)). Let g(h) = 6*h**2 - 2*h + 1. Let t be g(1). Let f = t - i. What is the units digit of f?
3
Let j(f) = -f**3 + f**2 - f + 3. Let m be j(0). Suppose -n + 0*n = 2*r - 12, r = -m*n + 6. What is the units digit of r?
6
Suppose 0 = -4*s + 21 + 515. What is the hundreds digit of s?
1
Suppose -57 = -4*w - 17. What is the tens digit of w?
1
Suppose a - 4 = q, -2*a + 6 = -4. What is the tens digit of (-1)/(42/(-39) + q)?
1
Let s(y) = -2*y**2 + 8*y - 9. Let o be s(9). What is the units digit of (-18)/o - (-152)/11?
4
Let u(b) = 2*b**2 - b + 1. Let h be u(1). Let i = 4 - h. Suppose -i*z + 9 = -z. What is the units digit of z?
9
Let b be (-9 + -1)/(-4 + 2). Suppose -4*k + 2*x + 22 = -0*x, -x - 29 = -b*k. What is the units digit of (-2 - (-2 - 1)) + k?
7
Let r be (-2)/7 + 51/7. Let z = -2 + r. Suppose -z - 9 = -2*j. What is the units digit of j?
7
Suppose h = -f + 46, 5*f = 4*h + 284 - 99. What is the units digit of f?
1
Let y be (-25)/4*4/(-1). Suppose 5*q - y = -r + 2*q, 5*q - 55 = -2*r. Suppose -d - 2*t = -18, -14 = -3*d + 5*t + r. What is the tens digit of d?
1
Let b(a) = 10*a. What is the tens digit of b(3)?
3
Suppose -6*m + m = 3*v, -3*m = v - 4. What is the units digit of m?
3
Let a(s) = s + 13. Let j be a(-13). Suppose 4*u + 44 = 2*g - 10, -5*g + 5*u + 115 = j. What is the tens digit of g?
1
Let z = -18 + 11. Let k(i) = -6*i - 1. Let f(t) = 5*t + 2. Let a(s) = 7*f(s) + 6*k(s). What is the units digit of a(z)?
5
What is the units digit of 0 - -23 - 0/6?
3
Suppose 2*d + 48 = 2*v, -2*d + 27 = 4*v - 45. What is the tens digit of ((-96)/v)/(2/(-5))?
1
Let m(t) = 3*t - 1. Let h be m(2). Let j be 272/h + (-8)/20. Suppose 4*y = -18 + j. What is the units digit of y?
9
Suppose -2*h + 1 = 3. Suppose 4*m + 16 = 2*x, -x + 5*m + 11 = -3*x. What is the units digit of x - (h + -2) - 0?
5
Let c(b) = b**3 - 6*b**2 - 5*b + 9. What is the units digit of c(7)?
3
Let t(h) = -6*h - 1 - 10 + 3. Let k(f) = -7*f - 9. Let u(v) = -5*k(v) + 6*t(v). What is the units digit of u(-6)?
3
Let x = -77 + 109. What is the units 